site?
False
Let a(r) = r**2 - 8*r + 19. Let x be a(3). Is 15 + 26760/108 - x/(-18) composite?
False
Suppose 13*n + 67089 = h + 18*n, -3*n = -3*h + 201339. Is h a composite number?
True
Is (-34792383)/(-24) - ((-741)/104)/19 a prime number?
True
Let o(m) = -m**3 - 3*m**2 + 2*m + 2. Let w be o(-4). Let l be 35660/8*12/w. Suppose 0 = 10*f - 1741 - l. Is f a composite number?
False
Let d(o) = -22*o**3 + 2*o**2 - 5*o. Let k = 42 - 40. Let y(a) = -44*a**3 + 4*a**2 - 11*a - 1. Let q(m) = k*y(m) - 5*d(m). Is q(1) a composite number?
True
Suppose z = -3 - 1. Let w be ((-578)/4)/(z/(-688)). Is 10/(-60) - w/12 composite?
True
Let v(i) = -36174*i + 81. Is v(-4) a composite number?
True
Let o(u) = -352*u - 961. Is o(-35) a prime number?
False
Let b be -11*(-4)/110 + (-76)/(-10). Suppose c - 3681 = -b*c. Is c prime?
True
Suppose 2*n = -4 + 10. Suppose -33620 - 22625 = -5*l - n*a, 4*a = -l + 11266. Suppose -4*p = c - 9448, c + 573 + l = 5*p. Is p prime?
False
Let v be 3/4*(-15744)/(-16). Suppose 8*t - v = -t. Is t a composite number?
True
Let b be (-5)/((-5)/106)*-3. Is (-425113)/b + 2/12 a prime number?
False
Suppose -253*k - 486003 = -125*k - 131*k. Is k prime?
False
Let l = 2089898 + -1178701. Is l composite?
True
Suppose 20*f + 5*q + 70 = 23*f, 3*f + 3*q - 102 = 0. Is 12/f*-1 - 37932/(-5) prime?
False
Let i(o) = -1 - 2*o - 189*o**2 - 2 - 12*o + 537*o**2. Is i(-2) composite?
True
Let d(u) = -u**2 + u + 8. Let o be (-8)/(1 + -6 + 3). Let z be d(o). Is (-8)/z + 43 + 4 composite?
True
Suppose 510 = -21*n + 16*n. Let c be 4/10 - n/(-30). Is 4 - (-1338 + 2 + c) composite?
True
Suppose -378027 = -3*w + 377202. Is w a prime number?
False
Is ((-11553334)/39)/(22/(-33)) prime?
False
Let k = -115829 + 255400. Is k prime?
True
Let n(u) = -u**3 + 7*u**2 + 4*u - 7. Let c be n(4). Suppose -c = -3*g + 81. Let a = g - -45. Is a a composite number?
True
Suppose 0 = 4*t - 2*b - 16, -4*t + b + 4 = -8. Suppose -6 = -5*l + t*l. Suppose 0 = -3*z + 5*c + 2260, -c = 4*z - l*c - 2985. Is z a prime number?
False
Let z be (-6)/(-33) - (-20120484)/66. Is z/32 + (-28)/16 + 2 prime?
False
Suppose 293*y - 310*y + 1436789 = 0. Is y prime?
False
Suppose 0 = -5*p + 14*p. Suppose p = -177*y + 168*y + 23031. Is y a prime number?
False
Let i(l) = -18*l + 13. Let s(q) = -25*q - 2. Let r be s(-2). Let n = r - 62. Is i(n) prime?
False
Suppose -45 = -9*l - 0*l. Suppose 2*v + 8 = 0, 2*n = -l*v - 386 + 2180. Is n composite?
False
Let d = -45692 - -92881. Is d a composite number?
False
Suppose 13*f + 3419219 = 18*f - 4*q, 4*q = f - 683847. Is f a prime number?
True
Let r be 17142 + 2/3*-9. Let c = r - 10055. Is c prime?
False
Let t(p) = 27630*p**2 + 192*p + 35. Is t(6) composite?
True
Suppose 9*x = -128 + 146. Suppose u + 4125 + 3436 = 5*p, -5*u = -x*p + 3006. Is p composite?
True
Let g(s) = 363*s**2 - 31*s - 118. Let n be g(-5). Suppose -3*b - u = -24290, -7076 = -2*b - 2*u + n. Is b prime?
False
Let c(o) = -6121*o - 332. Is c(-9) a prime number?
False
Suppose 24*u - 24 = 72. Suppose 9*f - 4*f = 3*m + 41416, 2*f + u*m = 16582. Is f composite?
True
Let y = -1433193 + 2126060. Is y a composite number?
True
Suppose -10419593 = -76*k + 3985979. Is k a prime number?
True
Suppose -218*a + 17876073 = -4573391 - 12057974. Is a prime?
False
Let i(z) = -2*z**2 + 4*z + 56. Let d be i(0). Let t = -40 + d. Let j(u) = u**3 - 14*u**2 + 11*u - 11. Is j(t) a prime number?
True
Let r = 103 - 36. Let d(p) = r*p - 13 + 17 + 25. Is d(14) a composite number?
False
Suppose 2*k = -34*m + 37*m + 73049, -2*m = 5*k - 182613. Is k prime?
True
Is 4/(-46) + 76616265/253 a prime number?
True
Let v = 157128 - 28231. Is v a composite number?
True
Let o(i) = -3648*i + 1597. Is o(-59) a composite number?
False
Let w be -5 + (0 + -3 - -643). Suppose -w = -5*k + 4*r, -k + r = k - 254. Is k composite?
False
Let v(a) be the first derivative of 428*a**3/3 - 2*a**2 - 3*a + 23. Let b be v(-1). Let c = 676 - b. Is c a composite number?
True
Is (6 - -25995) + ((-15)/3 - -11) prime?
False
Let n be ((-36)/27)/(2/(-3)). Suppose 1 + n = q. Suppose -2*v - 4*o + 2176 = 2*v, -q*o = 5*v - 2714. Is v a composite number?
False
Let s = 6 - 8. Let u be (-362 - (3 + 0)) + s. Let i = 836 + u. Is i composite?
True
Let j be (-39 + -1857)*-2*(1 - 0). Suppose -14 + 2 = -4*a, 3*a - j = -3*x. Is x a composite number?
True
Is (539/4 + -15)*188 a composite number?
True
Let p(y) = 2210*y - 45. Let k(c) = 551*c - 11. Let o(i) = 9*k(i) - 2*p(i). Let s = 8 - 6. Is o(s) composite?
False
Let q(u) = -29*u + 123. Let c be q(4). Let j(k) = 160*k**2 + 18*k - 25. Is j(c) prime?
False
Suppose 7*j = -4*y + 2*j + 374517, -2*y = 6*j - 187276. Is y prime?
False
Let a be 5/10*(1 - -5). Let s be -2 - 3 - -1*(-6 - -11). Suppose s*o - a*o = -5*d - 2049, -o = -d - 683. Is o a composite number?
False
Let b(a) = 4460*a**2 - 7*a + 1. Is b(2) a composite number?
False
Let t(o) = -o**3 - 8*o**2 + 13*o - 12. Let d be t(-10). Suppose -64*a + d*a = -8394. Is a a composite number?
False
Let c be (-6 + 75/12)*12*1. Suppose c*y = -12, -4*g + 4*y = -9*g - 6. Suppose 4*p + g + 10 = 0, -4*k + 3699 = -5*p. Is k composite?
True
Suppose -5*u = -3*r + 239, -r + 0*u = u - 69. Suppose 75*k = r*k + 15118. Is k composite?
False
Suppose -23095 = -2*t - 7*q, -4970 = -5*t - 3*q + 52782. Is t a prime number?
True
Suppose 19*d - 20*d = 5*f - 25, d = 3*f - 15. Let b = -7679 - -12705. Suppose 0 = -g + 8*y - 10*y + 1263, 4*g - 5*y - b = d. Is g a composite number?
False
Let x(i) = 123*i**3 + 92*i**2 - 39*i - 89. Is x(18) a prime number?
True
Let o be 0 + (1 - -1)*6. Is (-7370)/(-24) + o/(-144) composite?
False
Let r = 415215 - 180124. Is r composite?
False
Let g(q) = -43*q - 14. Let y(c) = 43*c + 15. Let d(i) = 6*g(i) + 5*y(i). Suppose 4*k + 5*j + 1 = 0, -4*k - 21 - 4 = -3*j. Is d(k) composite?
False
Suppose 0 = 3*o - 5*s - 834364 - 189789, 2*o = 3*s + 682770. Is o composite?
True
Suppose 5*j - 7*j - 4*s = -3370, 3*j - 5100 = 3*s. Suppose 0 = 2*h - j - 2779. Is h prime?
True
Let l = 1772318 - 964075. Is l a composite number?
True
Suppose -50564 = -56*w + 57124. Suppose -w*q + 13251 = -1920*q. Is q a composite number?
True
Is 16 + 1 - -236067 - -21 composite?
True
Suppose -134*d + 350990 = -11945252. Is d a composite number?
True
Let j(y) = -273*y - 6. Let b(n) = 283*n + 8. Let r(m) = 2*b(m) + 3*j(m). Suppose -w - 2*w - 3 = 0. Is r(w) a composite number?
False
Is (-30)/45 - (-420572)/12 prime?
False
Suppose -5*v + 2*a + 13 = 0, v - 1 - 6 = -4*a. Suppose -7440 = 2*d + 2*y, -5*y + 23 - v = 0. Let q = 5405 + d. Is q prime?
False
Let y be (6/(-10))/(3/(-15)). Let k(t) = -t + 5. Let q be k(y). Suppose -q*s = 5*i - 1659, -658 = -i - i + 2*s. Is i composite?
False
Let z be 2*30*23/46. Is ((-18004)/6)/(z/(-135)) + -4 a composite number?
False
Let n(j) be the third derivative of -j**6/120 + j**4/12 + 6803*j**3/6 - 3*j**2. Is n(0) a composite number?
False
Suppose 31*g = -g + 34322912. Is g composite?
True
Let y = -229 + 233. Suppose -2*j - j + y*w + 54801 = 0, -4*w = -j + 18275. Is j a prime number?
False
Let o(p) be the second derivative of 23*p**3/6 + 17*p**2 + 37*p + 1. Is o(5) a composite number?
False
Let r(c) be the first derivative of 34*c**3/3 - 7*c**2/2 + 10*c + 757. Suppose 0 = -4*j - 4*i - i - 3, -2*j = i - 3. Is r(j) a prime number?
False
Suppose -3*j - 1749 = -3*o, 2*o + 4*j = 297 + 863. Let n = o + -523. Is n a composite number?
False
Suppose 50539 + 56062 = 11*s. Is s composite?
True
Let x(n) be the third derivative of -n**6/120 + n**5/60 - 5*n**4/24 - 3*n**3/2 - 11*n**2. Let d be x(-11). Suppose -5*g + d = -1987. Is g a composite number?
True
Suppose f + 2295 = -2*z + 918, -1362 = 2*z - 2*f. Let d = 197 - z. Is d composite?
False
Suppose 4*o - 978641 = -n, -2*o + 27829 = -8*n - 461517. Is o a prime number?
False
Let q = 449 + 214. Let j = 1365 - 1361. Suppose -j*h + 509 = -q. Is h a composite number?
False
Suppose 0 = 4*s + 5*v - 48894, 2*s - 4*v = -1005 + 25465. Is s prime?
False
Is (-1)/(10*(-18)/6937740) a composite number?
False
Suppose 2*f - 2*n = 6, -2*f = -4*f + 5*n + 12. Let l be (12/3)/1 - 4*f. Suppose l*y - y = -379. Is y a composite number?
False
Let p(n) = n**2 - 15*n + 49. Let a be p(9). Let c(s) = 70*s**2 - 12*s - 33. Is c(a) a prime number?
True
Suppose 0 = -m + 120*p - 123*p + 57628, -